k - 14. Determine c(14).
0
Let q(i) = -i - 30. What is q(0)?
-30
Let c(r) = 11*r + 85. Give c(-15).
-80
Let a(n) = n**2 + 2*n - 15. Determine a(0).
-15
Let a(w) = -w**3 - 9*w**2 - 24*w - 68. Give a(-7).
2
Let u(o) = -30*o - 3. Calculate u(2).
-63
Let k(c) = 4*c + 45. Give k(-8).
13
Let s(t) = -t**2 + t + 5. Determine s(6).
-25
Let b(a) = a**2 + 7*a - 6. What is b(-8)?
2
Let y(w) = 2*w**2 - 8*w - 3. What is y(3)?
-9
Let y(m) = -m + 21. What is y(10)?
11
Let u(t) = -4*t**2 - t + 176. Determine u(0).
176
Let j(x) = x**3 + 15*x**2 - 11*x - 168. Calculate j(-15).
-3
Let f(g) = 31*g - 406. Calculate f(13).
-3
Let f(x) = x**2 + 5*x + 5. Calculate f(-4).
1
Let o(d) = d**3 + 5*d**2 + 3*d - 8. Determine o(-4).
-4
Let l(n) = n + 12. Give l(15).
27
Let k(u) = 132*u + 4. Determine k(-1).
-128
Let i(w) = w**3 + 5*w**2 + 4. What is i(-5)?
4
Let l(d) = 2*d**3 + 13*d**2 + 13*d + 7. Calculate l(-5).
17
Let p(v) = -5*v + 2. Determine p(2).
-8
Let q(t) = t**3 - 8*t**2 + 18*t - 35. Calculate q(6).
1
Let l(f) = f**2 - 4*f - 3. Calculate l(4).
-3
Let w(x) = -x**3 + 5*x**2 + x + 1. Determine w(4).
21
Let a(v) = -6*v**2 - 67*v - 16. What is a(-11)?
-5
Let d(l) = -l + 15. What is d(-29)?
44
Let t(s) = s**3 + 20*s**2 + 18*s - 20. Calculate t(-19).
-1
Let q(m) = m**2 + 6*m - 3. Give q(-7).
4
Let d(u) = -2*u**2 + 4*u + 2. Calculate d(0).
2
Let l(g) = -g + 27. What is l(35)?
-8
Let i(d) = 9*d - 3. Give i(-4).
-39
Let f(u) = -u**3 + 22*u**2 - u + 15. Determine f(22).
-7
Let s(u) = -12*u + 2. Calculate s(-1).
14
Let z(t) = t + 35. Calculate z(-12).
23
Let w(a) = 2*a - 23. What is w(5)?
-13
Let f(o) = -o**3 - 3*o**2 - 5*o - 3. Give f(-3).
12
Let l(c) = -c**3 + 6*c**2 - 3. What is l(3)?
24
Let u(h) = h - 12. Calculate u(-11).
-23
Let w(j) = -7*j - 47. Give w(-21).
100
Let m(k) = k**2 + 11*k - 12. Determine m(-8).
-36
Let a(b) = -b**2 - 9*b + 57. Give a(-13).
5
Let i(b) = -b**2 + 8*b + 4. Give i(8).
4
Let i(o) = 8*o**2 - 6*o - 10. What is i(-2)?
34
Let z(m) = -m + 9. Calculate z(16).
-7
Let r(k) = k**2 + 9*k + 5. Calculate r(-6).
-13
Let u(q) = 6*q - 18. Determine u(7).
24
Let c(h) = -h**3 + 9*h**2 + 3*h + 12. Calculate c(9).
39
Let o(z) = -15*z + 4. Determine o(1).
-11
Let l(w) = -3*w + 3. Determine l(5).
-12
Let t(j) = 5*j**2 - 6*j + 5. Give t(2).
13
Let r(n) = 4*n**2 - 20*n - 18. Calculate r(6).
6
Let c(l) = 2*l + 6. Calculate c(-5).
-4
Let a(m) = 12*m + 110. Give a(-9).
2
Let i(h) = -7*h - 99. Give i(-13).
-8
Let h(i) = i**2 - 16*i + 10. Calculate h(15).
-5
Let m(g) = -g**3 - 8*g**2 + 9*g - 4. Give m(-9).
-4
Let n(x) = 10*x - 87. Determine n(9).
3
Let g(c) = -3*c**3 + 6*c**2 + 2*c. What is g(-2)?
44
Let g(m) = 2*m**3 - 3*m**2 - 3*m - 3. Determine g(3).
15
Let d(t) = -5*t - 2. What is d(-5)?
23
Let z(b) = -b**2 + 6*b + 11. Determine z(-2).
-5
Let z(l) = -l**2 - 9*l + 21. Determine z(-11).
-1
Let y(n) = n**3 - 36*n**2 + 150*n + 9. Determine y(5).
-16
Let l(m) = -7*m + 4. Determine l(0).
4
Let k(v) = -v**3 + 12*v**2 + 2*v - 16. Give k(12).
8
Let o(f) = -f**2 + 25*f - 52. Calculate o(24).
-28
Let t(i) = -3*i**2 - 19*i - 1. Calculate t(-7).
-15
Let h(t) = -4*t + 40. Determine h(11).
-4
Let o(l) = -4*l - 71. Give o(-13).
-19
Let u(m) = -2*m**2 + 20*m - 18. What is u(9)?
0
Let d(l) = -7*l**2 - 79*l - 14. Calculate d(-11).
8
Let u(s) = 8*s - 48. Calculate u(6).
0
Let a(n) = n**2 + n + 5. Calculate a(0).
5
Let o(t) = 7*t**2 + t - 1. Determine o(1).
7
Let d(o) = 7*o - 4. What is d(-16)?
-116
Let s(o) = o**2 - 6*o - 1. Calculate s(9).
26
Let q(g) = -7*g - 5. Calculate q(-2).
9
Let b(x) = -2*x + 14. Determine b(0).
14
Let q(l) = 9*l + 302. Give q(-35).
-13
Let y(u) = -u**2 + u + 13. What is y(-4)?
-7
Let g(s) = 3*s + 11. Determine g(-7).
-10
Let f(o) = o**2 - 4*o + 10. Calculate f(5).
15
Let r(h) = h**2 - 4*h - 2. Determine r(2).
-6
Let z(n) = 2*n**3 + 6*n**2 - 5*n - 12. Determine z(-5).
-87
Let q(n) = n - 10. Give q(7).
-3
Let p(b) = -3*b + 6. What is p(-14)?
48
Let c(g) = g**2 + 8*g - 2. Calculate c(0).
-2
Let w(y) = 17*y**3 + 2*y**2 - 1. What is w(1)?
18
Let j(a) = a**3 + 6*a**2 + 5*a - 3. Determine j(-4).
9
Let m(g) = -80*g - 241. Give m(-3).
-1
Let i(b) = -b**3 - 8*b**2 - 8*b - 4. Determine i(-7).
3
Let g(n) = -3*n - 20. What is g(-8)?
4
Let s(g) = -2*g**2 - 4*g + 7. What is s(-4)?
-9
Let c(y) = -6*y + 79. Determine c(15).
-11
Let u(t) = 22*t - 4. Give u(5).
106
Let q(b) = -7*b - 5. Determine q(7).
-54
Let x(q) = q - 6. Determine x(10).
4
Let u(l) = 6*l**2 + 49*l + 98. Determine u(-4).
-2
Let x(f) = -f - 4. Calculate x(-3).
-1
Let s(u) = -27*u**2. Give s(1).
-27
Let g(d) = d**3 - 23*d**2 - 25*d. Determine g(24).
-24
Let t(q) = -8*q - 164. Give t(-22).
12
Let q(u) = -u**2 + 17*u + 40. What is q(23)?
-98
Let y(u) = -u**3 + 36*u**2 + 35*u + 61. Determine y(37).
-13
Let o(a) = a**3 + 12*a**2 - 2*a + 2. What is o(-12)?
26
Let p(a) = 7*a**2 - 21*a + 3. Calculate p(3).
3
Let h(q) = q - 24. Determine h(-13).
-37
Let n(g) = -2*g**3 + 2*g**2 - 2*g - 1. What is n(2)?
-13
Let w(r) = -12*r**3 - 2*r + 3. Determine w(1).
-11
Let p(o) = -2*o**2 + 3*o. Calculate p(2).
-2
Let c(a) = -2*a**2 + 62*a - 167. What is c(28)?
1
Let i(w) = w - 10. Give i(8).
-2
Let t(a) = -5*a**2 + 133*a + 134. Give t(-1).
-4
Let a(q) = 2*q**2 - 29*q + 95. Calculate a(10).
5
Let m(t) = 2*t**3 - 9*t**2 + 10*t - 1. Calculate m(5).
74
Let j(p) = -4*p + 48. What is j(12)?
0
Let b(z) = -z**3 - 16*z**2 + 17*z + 5. Give b(-17).
5
Let j(c) = -c**2 + c + 30. Calculate j(0).
30
Let x(a) = -a**3 + 8*a**2 - 6*a - 16. What is x(7)?
-9
Let m(d) = 15*d - 138. Give m(8).
-18
Let p(x) = -7*x - 59. What is p(-12)?
25
Let d(t) = t - 12. Calculate d(6).
-6
Let g(k) = 5*k - 63. What is g(13)?
2
Let v(q) = q**3 - 5*q**2 + 5*q - 4. Determine v(4).
0
Let l(q) = q + 22. What is l(-23)?
-1
Let s(h) = -11*h - 2. Determine s(0).
-2
Let k(n) = n**3 - 50*n**2 + 53*n - 200. Determine k(49).
-4
Let n(f) = 3*f**2 + f + 1. Give n(2).
15
Let t(z) = z**3 + 3*z**2 - 44*z - 90. Calculate t(-2).
2
Let w(x) = -3*x**2 + 3*x - 6. Calculate w(2).
-12
Let o(j) = 105*j**2 - 1. What is o(1)?
104
Let p(g) = 6*g + 2. Give p(4).
26
Let k(o) = o**2 - 23*o + 24. What is k(22)?
2
Let l(s) = s**3 - 15*s**2 - 9. Determine l(15).
-9
Let q(h) = -6*h**3 + h**2 - 4*h + 5. Calculate q(2).
-47
Let d(u) = u**3 + 5*u**2 - 26*u - 127. What is d(-5)?
3
Let p(h) = -h**2 + 12*h - 15. Calculate p(6).
21
Let n(f) = 2*f + 7. What is n(7)?
21
Let t(n) = -2*n - 28. Determine t(-14).
0
Let u(n) = -n**3 - n**2 - 2*n + 1. Give u(3).
-41
Let i(r) = 2*r. Calculate i(8).
16
Let f(p) = -p**2 + 35. What is f(-7)?
-14
Let t(x) = -x**3 - 3*x**2 - 6. Determine t(-3).
-6
Let c(i) = i**2 + 24*i - 27. Give c(-25).
-2
Let a(u) = -96*u - 577. What is a(-6)?
-1
Let b(z) = -2*z + 6. Give b(3).
0
Let h(y) = -10*y + 3. Give h(1).
-7
Let z(x) = 5*x**2 - 14*x + 8. What is z(3)?
11
Let r(i) = i**3 - 9*i**2 + 4*i - 5. What is r(9)?
31
Let k(y) = y**3 - 7*y**2 + 3*y - 10. Give k(7).
11
Let d(o) = -23*o - 5. Give d(-2).
41
Let f(r) = 3*r**2 + 13*r - 1. Give f(-4).
-5
Let l(o) = -4*o - 11. Give l(-4).
5
Let h(u) = u + 62. Calculate h(-22).
40
Let j(u) = 22*u - 9. What is j(-3)?
-75
Let f(y) = -21*y + 346. What is f(18)?
-32
Let b(m) = 2*m**3 + 2*m**2 + m - 2. Give b(-2).
-12
Let o(w) = 17*w - 34. What is o(2)?
0
Let v(f) = f**3 + 3*f**2 - 2*f. Give v(1).
2
Let z(m) = m**2 + 1. What is z(4)?
17
Let s(n) = -n**2 + 5*n - 2. Determine s(4).
2
Let d(f) = -f**3 - 6*f**2 - f. Calculate d(-6).
6
Let d(r) = -2*r**2 - 12*r - 24. Calculate d(-3).
-6
Let d(u) = -u**3 - 3*u**2 + 4*u - 6. Determine d(3).
-48
Let i(o) = o**2 - 6*o + 25. Calculate i(4).
17
Let d(m) = -m**3 - 4*m**2 + 7*m + 6. What is d(-6)?
36
Let h(q) = 2*q**2 - 5*q - 204. Calculate h(-9).
3
Let n(o) = -4*o**3 - o**2. What is n(-1)?
3
Let d(z) = 5*z - 2. Calculate d(-1).
-7
Let y(l) = l**3 - 11*l**2 - 2*l + 23. Determine y(11).
1
Let r(z) = 2*z**2 + 8*z + 3. Determine r(-3).
-3
Let q(d) = -d + 15. Calculate q(28).
-13
Let m(o) = -o**2 - 23*o + 49. Give m(-25).
-1
Let h(o) = -o**3 + 2*o**2 + 2*o - 3. Give h(2).
1
Let s(x) = -x**2 - 18*x - 39. What is s(-6)?
33
Let x(o) = -7*o**2 + 43*o - 43. Calculate x(1).
-7
Let k(s) = 22*s**2 - 2*s. Determine k(-1).
24
Let n(o) = -o**2 + 7. Determine n(3).
-2
Let x(j) = -2*j**2 + 13*j + 58. What is x(-3)?
1
Let v(j) = 139*j**2